{"id":5115,"date":"2023-01-06T14:37:02","date_gmt":"2023-01-06T13:37:02","guid":{"rendered":"https:\/\/www.kgwberlin.de\/?page_id=5115"},"modified":"2023-01-06T15:11:24","modified_gmt":"2023-01-06T14:11:24","slug":"wahlkampf-2023","status":"publish","type":"page","link":"https:\/\/kgw-berlin.de\/test\/wahlkampf-2023\/","title":{"rendered":"Wahlkampf 2023"},"content":{"rendered":"<figure class='gallery-item'>\n\t\t\t\t<a data-elementor-open-lightbox=\"yes\" data-elementor-lightbox-slideshow=\"3edb84d\" data-elementor-lightbox-title=\"Briefwahl 2022\" e-action-hash=\"#elementor-action%3Aaction%3Dlightbox%26settings%3DeyJpZCI6NTExOCwidXJsIjoiaHR0cHM6XC9cL3d3dy5rZ3diZXJsaW4uZGVcL3dwLWNvbnRlbnRcL3VwbG9hZHNcLzIwMjNcLzAxXC8yMDIyMTIxNF9LR1dfRmx5ZXJFcnN0WndlaXRzdGltbWVfZHJ1Y2tfU2VpdGVfMi5wbmciLCJzbGlkZXNob3ciOiIzZWRiODRkIn0%3D\" href=\"http:\/\/kgw-berlin.de\/test\/wp-content\/uploads\/2023\/01\/20221214_KGW_FlyerErstZweitstimme_druck_Seite_2.png\" data-rel=\"lightbox-image-0\" data-rl_title=\"\" data-rl_caption=\"\" title=\"\"><img width=\"768\" height=\"768\" src=\"http:\/\/kgw-berlin.de\/test\/wp-content\/uploads\/2023\/01\/20221214_KGW_FlyerErstZweitstimme_druck_Seite_2-768x768.png\" alt=\"Briefwahl 2022\" decoding=\"async\" loading=\"lazy\" aria-describedby=\"gallery-1-5118\" srcset=\"http:\/\/kgw-berlin.de\/test\/wp-content\/uploads\/2023\/01\/20221214_KGW_FlyerErstZweitstimme_druck_Seite_2-768x768.png 768w, http:\/\/kgw-berlin.de\/test\/wp-content\/uploads\/2023\/01\/20221214_KGW_FlyerErstZweitstimme_druck_Seite_2-300x300.png 300w, http:\/\/kgw-berlin.de\/test\/wp-content\/uploads\/2023\/01\/20221214_KGW_FlyerErstZweitstimme_druck_Seite_2-1024x1024.png 1024w, http:\/\/kgw-berlin.de\/test\/wp-content\/uploads\/2023\/01\/20221214_KGW_FlyerErstZweitstimme_druck_Seite_2-150x150.png 150w, http:\/\/kgw-berlin.de\/test\/wp-content\/uploads\/2023\/01\/20221214_KGW_FlyerErstZweitstimme_druck_Seite_2-1536x1536.png 1536w, http:\/\/kgw-berlin.de\/test\/wp-content\/uploads\/2023\/01\/20221214_KGW_FlyerErstZweitstimme_druck_Seite_2-2048x2048.png 2048w, http:\/\/kgw-berlin.de\/test\/wp-content\/uploads\/2023\/01\/20221214_KGW_FlyerErstZweitstimme_druck_Seite_2-200x200.png 200w, http:\/\/kgw-berlin.de\/test\/wp-content\/uploads\/2023\/01\/20221214_KGW_FlyerErstZweitstimme_druck_Seite_2-547x547.png 547w, http:\/\/kgw-berlin.de\/test\/wp-content\/uploads\/2023\/01\/20221214_KGW_FlyerErstZweitstimme_druck_Seite_2-678x678.png 678w, http:\/\/kgw-berlin.de\/test\/wp-content\/uploads\/2023\/01\/20221214_KGW_FlyerErstZweitstimme_druck_Seite_2-524x524.png 524w, http:\/\/kgw-berlin.de\/test\/wp-content\/uploads\/2023\/01\/20221214_KGW_FlyerErstZweitstimme_druck_Seite_2-420x420.png 420w, http:\/\/kgw-berlin.de\/test\/wp-content\/uploads\/2023\/01\/20221214_KGW_FlyerErstZweitstimme_druck_Seite_2-444x444.png 444w, http:\/\/kgw-berlin.de\/test\/wp-content\/uploads\/2023\/01\/20221214_KGW_FlyerErstZweitstimme_druck_Seite_2-916x916.png 916w\" sizes=\"auto, (max-width: 768px) 100vw, 768px\" \/><\/a><figcaption class='wp-caption-text gallery-caption' id='gallery-1-5118'>\n\t\t\t\tSo geht&#8217;s! &#8211; Briefwahl 2023<br \/>\n\t\t\t\t<\/figcaption><\/figure>\n<p style=\"font-size: 19px; font-style: normal; font-weight: 400;\">Die Wiederholungswahl im Winter wird insbesondere f\u00fcr \u00e4ltere oder mobilit\u00e4tseingeschr\u00e4nkte Menschen eine gro\u00dfe Herausforderung. Wenn Sie sich den Weg durch die K\u00e4lte und l\u00e4ngere Wartezeiten sparen m\u00f6chten, ist die Briefwahl eine sehr gute M\u00f6glichkeit daf\u00fcr. Wir hatten schon im letzten Monat darauf hingewiesen. Wenn Sie nicht auf die Wahlbenachrichtigung warten wollen, gibt es inzwischen f\u00fcr den\u00a0<a style=\"font-size: 19px;\" href=\"https:\/\/olmera.verwalt-berlin.de\/std\/IWS\/start.do?mb=1&amp;wnr=&amp;wahltyp=\" target=\"_blank\" rel=\"noopener\">Antrag auf Briefwahlunterlagen ein Online-Formular auf Berlin.de<\/a>.<\/p>\n<p style=\"font-size: 19px; font-style: normal; font-weight: 400;\">Auch wer aus anderen Gr\u00fcnden gerne auf &#8222;Nummer sicher&#8220; gehen will, ist damit gut beraten. Bei der Organisation der letzten Wahl wurde eine Menge Vertrauen verspielt. Ich kann also verstehen, wenn jemand Zweifel hat, ob der immer noch verantwortliche Senat dieses Mal eine reibungslose Wahl organisiert bekommt. <\/p>\n<p style=\"font-size: 19px; font-style: normal; font-weight: 400;\">Auch mit dem Erhalt Ihrer Wahlbenachrichtigung k\u00f6nnen Sie per Briefpost oder per E-Mail Ihre Briefwahlunterlagen beantragen.<\/p>\n","protected":false},"excerpt":{"rendered":"<p>So geht&#8217;s! &#8211; Briefwahl 2023 Die Wiederholungswahl im Winter wird insbesondere f\u00fcr \u00e4ltere oder mobilit\u00e4tseingeschr\u00e4nkte Menschen eine gro\u00dfe Herausforderung. Wenn Sie sich den Weg durch die K\u00e4lte und l\u00e4ngere Wartezeiten [&hellip;]<\/p>\n","protected":false},"author":3,"featured_media":0,"parent":0,"menu_order":0,"comment_status":"closed","ping_status":"closed","template":"elementor_header_footer","meta":{"footnotes":""},"class_list":["post-5115","page","type-page","status-publish","hentry"],"_links":{"self":[{"href":"https:\/\/kgw-berlin.de\/test\/wp-json\/wp\/v2\/pages\/5115","targetHints":{"allow":["GET"]}}],"collection":[{"href":"https:\/\/kgw-berlin.de\/test\/wp-json\/wp\/v2\/pages"}],"about":[{"href":"https:\/\/kgw-berlin.de\/test\/wp-json\/wp\/v2\/types\/page"}],"author":[{"embeddable":true,"href":"https:\/\/kgw-berlin.de\/test\/wp-json\/wp\/v2\/users\/3"}],"replies":[{"embeddable":true,"href":"https:\/\/kgw-berlin.de\/test\/wp-json\/wp\/v2\/comments?post=5115"}],"version-history":[{"count":12,"href":"https:\/\/kgw-berlin.de\/test\/wp-json\/wp\/v2\/pages\/5115\/revisions"}],"predecessor-version":[{"id":5137,"href":"https:\/\/kgw-berlin.de\/test\/wp-json\/wp\/v2\/pages\/5115\/revisions\/5137"}],"wp:attachment":[{"href":"https:\/\/kgw-berlin.de\/test\/wp-json\/wp\/v2\/media?parent=5115"}],"curies":[{"name":"wp","href":"https:\/\/api.w.org\/{rel}","templated":true}]}}