{"id":342,"date":"2015-04-26T12:34:07","date_gmt":"2015-04-26T10:34:07","guid":{"rendered":"http:\/\/www.anarieldesign.com\/themedemos\/maisha\/?page_id=342"},"modified":"2023-11-21T13:27:00","modified_gmt":"2023-11-21T12:27:00","slug":"mobilitaet","status":"publish","type":"page","link":"https:\/\/kgw-berlin.de\/test\/gemeinsam-fuer-mahlsdorf-und-kaulsdorf\/mobilitaet\/","title":{"rendered":"Mobilit\u00e4t"},"content":{"rendered":"<p>Mahlsdorf ist in den letzten Jahren stark gewachsen: Neuansiedlungen verschiedener Einkaufs- und Versorgungseinrichtungen, Wohnungen oder auch der Bau der ISS Mahlsdorf.<\/p>\n\n\n<!--more-->\n\n\n<p>Dies macht zwangsl\u00e4ufig die Erneuerung und Verbesserung der Stra\u00dfenr\u00e4ume notwendig &#8211; ob zu Fu\u00df, dem Auto, mit dem Rad oder den \u00d6ffentlichen.<\/p>\n<p>Die H\u00f6nower Stra\u00dfe und der Hultschiner Damm sind in einem schlechten baulichen Zustand und nahezu ununterbrochen durch Stau und \u00dcberlastung voll. Begegnungen von Stra\u00dfenbahn und Fahrzeugen verlaufen oft nicht st\u00f6rungsfrei. Ebenso fehlt es an sicheren Radwegeverbindungen und ausreichend gesicherten Stellpl\u00e4tzen f\u00fcr die Fahrr\u00e4der. Die Umsteigewege von den Haltestellen zum Bahnhof Mahlsdorf sind unverh\u00e4ltnism\u00e4\u00dfig lang.<\/p>\n\n\n<figure class=\"wp-block-image alignright size-large is-resized\"><img loading=\"lazy\" decoding=\"async\" src=\"http:\/\/kgw-berlin.de\/test\/wp-content\/uploads\/2020\/11\/Tram_klein.png\" alt=\"\" class=\"wp-image-3420\" width=\"522\" height=\"277\" srcset=\"https:\/\/kgw-berlin.de\/test\/wp-content\/uploads\/2020\/11\/Tram_klein.png 696w, https:\/\/kgw-berlin.de\/test\/wp-content\/uploads\/2020\/11\/Tram_klein-300x159.png 300w, https:\/\/kgw-berlin.de\/test\/wp-content\/uploads\/2020\/11\/Tram_klein-200x106.png 200w, https:\/\/kgw-berlin.de\/test\/wp-content\/uploads\/2020\/11\/Tram_klein-150x80.png 150w, https:\/\/kgw-berlin.de\/test\/wp-content\/uploads\/2020\/11\/Tram_klein-547x290.png 547w, https:\/\/kgw-berlin.de\/test\/wp-content\/uploads\/2020\/11\/Tram_klein-678x359.png 678w, https:\/\/kgw-berlin.de\/test\/wp-content\/uploads\/2020\/11\/Tram_klein-524x278.png 524w, https:\/\/kgw-berlin.de\/test\/wp-content\/uploads\/2020\/11\/Tram_klein-420x223.png 420w, https:\/\/kgw-berlin.de\/test\/wp-content\/uploads\/2020\/11\/Tram_klein-444x235.png 444w\" sizes=\"auto, (max-width: 522px) 100vw, 522px\" \/><figcaption class=\"wp-element-caption\">Tram Hultschiner Damm<\/figcaption><\/figure>\n\n\n<p>Stetig neue Wohnungsbauprojekte in unserem Randbezirk erh\u00f6hen das Verkehrsaufkommen immer weiter. Hier gilt das Gleiche wie in den anderen Bereichen auch: \u00dcber Verdichtung sollten wir erst sprechen, wenn Stra\u00dfen ert\u00fcchtigt und Angebote von Bus und Bahn ausgebaut werden. Fast 1\/3 der Mahlsdorfer, Kaulsdorfer und Biesdorfer m\u00fcssen mehr als 500 m zur n\u00e4chsten Haltestelle mit 10-Minutentakt zur\u00fccklegen. Hier setze ich mich f\u00fcr neue, verl\u00e4ssliche Angebote ein. Der Muva stellt dabei eine erste Option dar, um auch im Siedlungsgebiet innovativ, flexibel und unabh\u00e4ngig vom eigenen Pkw mobil zu sein. Solche alternativen Angebote ebenso wie der Ausbau und die Taktung des \u00d6PNV m\u00fcssen zuk\u00fcnftig noch st\u00e4rker ausgebaut werden.<\/p>\n<p>\u00a0<\/p>\n<h2><strong>Ausbau und die Sanierung der Chemnitzer Stra\u00dfe<\/strong><\/h2>\n<p>F\u00fcr Mahlsdorf und Kaulsdorf ist der Ausbau und die Sanierung der Chemnitzer Stra\u00dfe seit Jahren ein Dauerbrenner. Hier habe ich mit Best\u00fcrzung erfahren, dass die Ma\u00dfnahme auf das Jahr 2028 verschoben wurde. Noch im M\u00e4rz 2022 wurde mir auf eine Anfrage berichtet, dass erste Messungen und damit Vorbereitungsma\u00dfnahmen durchgef\u00fchrt worden sind. Eine Nachricht, die nicht nur mich optimistisch stimmen lie\u00df, dass hier bald der Startschuss erfolgt.<br \/>Was bleibt, ist die Frage nach dem Warum.\u00a0Es werden keine Bauvorbereitungsmittel zur Verf\u00fcgung gestellt und es wird daher auch keinen Baubeginn geben. Diese uns\u00e4gliche Verz\u00f6gerung folgt aus einer Verschiebung der Investitionsmittel durch die Senatsverwaltung f\u00fcr Finanzen. Ein Hauptproblem: Sowohl der Bebauungsplan als auch der Stra\u00dfenbau sind ins Stocken geraten. F\u00fcr beides zust\u00e4ndig: Stadtr\u00e4tin Juliane Witt (Die Linke). Es gibt immer noch keinen festgesetzten Bebauungsplan, sodass die notwendigen Fl\u00e4chen f\u00fcr die Sanierung der Stra\u00dfe nicht erworben werden k\u00f6nnen.\u00a0<br \/>Wichtig ist nun die Erstellung von Bauplanungsunterlagen, um unn\u00f6tige weitere Verz\u00f6gerungen zu verhindern. Stadtr\u00e4tin Juliane Witt ist hierbei in der Pflicht. Denn ohne Bebauungsplan und ohne diese Bauplanungsunterlagen werden keine Gelder freigegeben. In der aktuellen Bezirksbaumittelliste sind ab 2024 erste Mittel von einer Million Euro eingestellt.<\/p>\n<p>Gemeinsam mit unserer Fraktion in der Bezirksverordnetenversammlung werden wir uns daf\u00fcr einsetzen, dass Frau Witt diesen Ausbau nicht weiter vertr\u00f6delt.\u00a0<\/p>\n<p>\u00a0<\/p>\n<h2><strong>Verkehrsl\u00f6sung Mahlsdorf<\/strong><\/h2>\n<p>Um den Ortskern Mahlsdorf wirksam zu entlasten, brauchen wir endlich den Baubeginn und die Umsetzung der seit Jahren versprochenen Verkehrsl\u00f6sung Mahlsdorf. Die Verkehrsl\u00f6sung Mahlsdorf, also die ver\u00e4nderte Streckenf\u00fchrung f\u00fcr Autos und Stra\u00dfenbahn s\u00fcdlich des Bahnhofs Mahlsdorf, ist ein Thema welches Mario Czaja, die CDU-Fraktion in der BVV und ich schon seit mehreren Jahren begleiten. <span style=\"color: #33cccc;\"><a style=\"color: #33cccc;\" href=\"http:\/\/amxe.net\/ewuqtpwn--aw2tlp9y-bvr\" target=\"_blank\" rel=\"noreferrer noopener\"><strong>Inzwischen liegt die Ank\u00fcndigung des Senats f\u00fcr das Planfestellungsverfahren vor.<\/strong><\/a><\/span> Es ist kein Geheimnis, dass wir die aktuellen Planungen f\u00fcr die Stra\u00dfen- und Tramf\u00fchrung kritisch sehen und <span style=\"color: #33cccc;\"><a style=\"color: #33cccc;\" href=\"http:\/\/amxe.net\/ewuqtpwn--gr60vtoz-6x5\"><strong>auch viele Anwohner h\u00e4tten sich eine andere Planung gew\u00fcnscht<\/strong><\/a>.<\/span> Ungeachtet dessen hat sich der Senat festgelegt. Der Autoverkehr bekommt s\u00fcdlich vom Bahnhof Mahlsdorf eine neue Stra\u00dfe.<\/p>\n<p><strong>Das wird offiziell geplant: <\/strong>Der &#8222;Neue Hultschiner Damm&#8220; wird in Zukunft in H\u00f6he des Gr\u00fcnderzeitmuseums rechts ins Gewerbegebiet schwenken und dann zur Kreuzung B1 \/ &#8222;An der Schule&#8220; f\u00fchren. Die Stra\u00dfe verl\u00e4uft damit auf der Achse von der BSR \u00fcber Edeka, entlang der ISS Mahlsdorf, macht in der Pestalozzistra\u00dfe eine Kurve auf die H\u00f6nower Stra\u00dfe und f\u00fchrt dann zum Bahnhof Mahlsdorf. Daf\u00fcr wird die Stra\u00dfe &#8222;An der Schule&#8220; zweispurig f\u00fcr Fahrzeuge ausgebaut und bekommt auf beiden Seiten einen B\u00fcrgersteig und einen Radweg. Auf der\u00a0H\u00f6nower Stra\u00dfe sollen daf\u00fcr zwischen B1\/B5 und Bahnhof Mahlsdorf zwei Spuren f\u00fcr die Tram entstehen. Dieser Abschnitt wird dann nur noch f\u00fcr Fu\u00dfg\u00e4nger, Radfahrer und Anlieger zur Verf\u00fcgung stehen. <a href=\"http:\/\/amxe.net\/ewuqtpwn--k7i2acia-5dr\" target=\"_blank\" rel=\"noreferrer noopener\"><strong><span style=\"color: #33cccc;\">Hier finden Sie die offizielle Planungsskizze<\/span><\/strong><\/a><\/p>\n<p><strong>Wie lange wird der Bau dauern? <\/strong>Auch wenn die Einleitung des Planfeststellungsverfahrens mit etwas Versp\u00e4tung startet, ist unser Anfang 2022\u00a0<span style=\"color: #33cccc;\"><a style=\"color: #33cccc;\" href=\"http:\/\/amxe.net\/ewuqtpwn--oa82a23m-jmb\" target=\"_blank\" rel=\"noreferrer noopener\"><strong>ver\u00f6ffentlichter Zeitstrahl <\/strong><\/a><\/span>auch aus heutiger Sicht noch zu halten. Es wird zwar knapp aber unm\u00f6glich ist das nicht. Misslich bleibt leider, dass Tram- und Autoverkehr nicht zusammen geplant werden. Wenn 2026 m\u00f6glicherweise schon der volle Berufsverkehr auf dem &#8222;Neuen Hultschiner Damm&#8220; f\u00e4hrt, k\u00f6nnte mit dem Bau der H\u00f6nower Stra\u00dfe gerade erst begonnen werden.<\/p>\n<p><strong>Kritik an der Streckenf\u00fchrung: <\/strong>Wir sehen den Bau einer vielbefahrenen Stra\u00dfe vor der neuen Oberschule, quer durch ein bisher ruhig gelegenes Wohngebiet und entlang des Musikerviertels nach wie vor sehr kritisch. Umgekehrt, also Tram mit eigener Haltestelle vor der Schule und Autoverkehr ungest\u00f6rt auf der H\u00f6nower Stra\u00dfe, h\u00e4tte deutlich mehr Vorteile gehabt. Durch den zweispurigen Ausbau der schmalen Pestalozzistra\u00dfe mit beidseitigem Geh- und Radweg d\u00fcrften auch die wenigen P+R Parkpl\u00e4tze vor dem Stadtteilzentrum gef\u00e4hrdet sein. Unklar ist auch, ob durch die Streckenplanung noch Grundst\u00fccksank\u00e4ufe durch den Bezirk und das Land erfolgen m\u00fcssen.\u00a0<\/p>\n<p><strong>7 Ampeln auf einem Kilometer: <\/strong>Wie die Verkehrsverwaltung auf einer Informationsveranstaltung mitteilte, sollen auf dem &#8222;Neuen Hultschiner Damm&#8220; f\u00fcr den Autoverkehr mindestens 7 Ampeln entstehen. Das bedeutet f\u00fcr die Autofahrer, dass im Schnitt alle 140 Meter eine Ampel steht. Wer schon einmal die sogenannte &#8222;Gr\u00fcne Welle&#8220; auf der B1\/B5 getestet hat, wird hier bestimmt die H\u00e4nde \u00fcber dem Kopf zusammenschlagen. Ein weiteres Argument daf\u00fcr, die Autos auf der H\u00f6nower Stra\u00dfe zu belassen.\u00a0Denn wir alle wissen, wo sich die R\u00fcckstaus &#8222;entladen&#8220; werden.<br \/>Der Senat sieht dieses Risiko nicht. Und darin liegt das Problem, wenn solche L\u00f6sungen im Elfenbeinturm aus der Innenstadt geplant werden. Hier vor Ort sind die Schleichwege durch das Musikerviertel, den Wilhelmsm\u00fchlenweg, Am Kornfeld und die Neuenhagener Stra\u00dfe n\u00e4mlich gut bekannt. Leider will der Senat nur &#8222;sofern erforderlich durch\u00a0verkehrsorganisatorische Ma\u00dfnahmen eine Umgehung unattraktiv machen&#8220;.\u00a0<\/p>\n<p>Wir werden dieses Thema weiter kritisch verfolgen und insbesondere bei den anstehenden Verkehrsgutachten auf realistische Daten und pragmatische L\u00f6sungen pochen. Eine \u00dcbersicht \u00fcber den bisherigen Stand der Planungen f\u00fcr die Verkehrsl\u00f6sung Mahlsdorf auf einer Zeitschiene verortet, finden Sie <span style=\"color: #33cccc;\"><a style=\"color: #33cccc;\" href=\"http:\/\/kgw-berlin.de\/test\/wp-content\/uploads\/2023\/01\/20230103_KGW_Website_Verkehrsloesung_Ansicht_01.pdf\"><strong>hier als Download.<\/strong><\/a><\/span><\/p>\n\n\n<p><\/p>\n\n\n\n<p><\/p>\n\n\n\n<figure class=\"wp-block-image aligncenter size-large is-resized\"><img loading=\"lazy\" decoding=\"async\" src=\"http:\/\/kgw-berlin.de\/test\/wp-content\/uploads\/2023\/01\/20230103_KGW_Website_Verkehrsloesung_Ansicht-1024x724.jpg\" alt=\"Zeitstrahl Verkehrsl\u00f6sung Mahlsdorf, Stand 12\/2022\" class=\"wp-image-5014\" width=\"556\" height=\"393\" srcset=\"https:\/\/kgw-berlin.de\/test\/wp-content\/uploads\/2023\/01\/20230103_KGW_Website_Verkehrsloesung_Ansicht-1024x724.jpg 1024w, https:\/\/kgw-berlin.de\/test\/wp-content\/uploads\/2023\/01\/20230103_KGW_Website_Verkehrsloesung_Ansicht-300x212.jpg 300w, https:\/\/kgw-berlin.de\/test\/wp-content\/uploads\/2023\/01\/20230103_KGW_Website_Verkehrsloesung_Ansicht-768x543.jpg 768w, https:\/\/kgw-berlin.de\/test\/wp-content\/uploads\/2023\/01\/20230103_KGW_Website_Verkehrsloesung_Ansicht-1536x1086.jpg 1536w, https:\/\/kgw-berlin.de\/test\/wp-content\/uploads\/2023\/01\/20230103_KGW_Website_Verkehrsloesung_Ansicht-200x141.jpg 200w, https:\/\/kgw-berlin.de\/test\/wp-content\/uploads\/2023\/01\/20230103_KGW_Website_Verkehrsloesung_Ansicht-150x106.jpg 150w, https:\/\/kgw-berlin.de\/test\/wp-content\/uploads\/2023\/01\/20230103_KGW_Website_Verkehrsloesung_Ansicht-547x387.jpg 547w, https:\/\/kgw-berlin.de\/test\/wp-content\/uploads\/2023\/01\/20230103_KGW_Website_Verkehrsloesung_Ansicht-678x479.jpg 678w, https:\/\/kgw-berlin.de\/test\/wp-content\/uploads\/2023\/01\/20230103_KGW_Website_Verkehrsloesung_Ansicht-524x370.jpg 524w, https:\/\/kgw-berlin.de\/test\/wp-content\/uploads\/2023\/01\/20230103_KGW_Website_Verkehrsloesung_Ansicht-420x297.jpg 420w, https:\/\/kgw-berlin.de\/test\/wp-content\/uploads\/2023\/01\/20230103_KGW_Website_Verkehrsloesung_Ansicht-444x314.jpg 444w, https:\/\/kgw-berlin.de\/test\/wp-content\/uploads\/2023\/01\/20230103_KGW_Website_Verkehrsloesung_Ansicht-916x648.jpg 916w, https:\/\/kgw-berlin.de\/test\/wp-content\/uploads\/2023\/01\/20230103_KGW_Website_Verkehrsloesung_Ansicht.jpg 1754w\" sizes=\"auto, (max-width: 556px) 100vw, 556px\" \/><figcaption class=\"wp-element-caption\">Zeitstrahl Verkehrsl\u00f6sung Mahlsdorf, Stand 12\/2022<\/figcaption><\/figure>\n\n\n<p>\u00a0<\/p>\n<h2>Tangentiale Verbindung Ost<\/h2>\n<p>An die Verkehrsl\u00f6sung Mahlsdorf schlie\u00dft sich nahtlos die Tangentiale Verbindung Ost \u2013 kurz TVO \u2013 an. Die Verkehrssituation in Biesdorf-S\u00fcd und auf der K\u00f6penicker Stra\u00dfe wird immer unertr\u00e4glicher. Diese Verkehrsbelastung wirkt sich ungefiltert auf die Chemnitzer Stra\u00dfe und den Hultschiner Damm aus. Die TVO als kreuzungsfreie Stadtschnellstra\u00dfe soll den Durchgangsverkehr b\u00fcndeln und damit als Nord-S\u00fcd-Verbindung die Anwohner der K\u00f6penicker, der Chemnitzer und des Hultschiner Damms entlasten. Eine \u00dcbersicht \u00fcber die Planungen und die Notwendigkeit der TVO haben meine Kollegen Christian Gr\u00e4ff und Mario Czaja in folgendem Video anschaulich zusammengefasst.<\/p>\n<p><iframe loading=\"lazy\" src=\"\/\/www.youtube.com\/embed\/HITu49ML1yg\" width=\"560\" height=\"314\" allowfullscreen=\"allowfullscreen\"><\/iframe><\/p>\n<p>F\u00fcr die dringend ben\u00f6tigte Vollendung der Tangentialen Verbindung Ost (TVO) wurde nun ein weiterer entscheidender Schritt gegangen. Das Planfeststellungsverfahren (Baugenehmigungsverfahren) ist eingeleitet. Nach den Jahren der Verz\u00f6gerungen und Umplanungen liegen s\u00e4mtliche Unterlagen f\u00fcr den Bau der TVO vor.<\/p>\n<p>Die Vollendung der TVO und damit der L\u00fcckenschluss zwischen der Stra\u00dfe \u201eAn der Wuhlheide\u201c in K\u00f6penick und der M\u00e4rkischen Allee ist f\u00fcr den z\u00fcgigen Gewerbeverkehr ebenso von Bedeutung, wie f\u00fcr die Entlastung der Wohngebietsstra\u00dfe von unn\u00f6tigem Durchgangsverkehr.<\/p>\n<p>Die Pl\u00e4ne \u00fcber den genauen Trassenverlauf und alle Tragwerke umfassen 25 Aktenordner. Diese werden nach der Pr\u00fcfung der Planfeststellungsbeh\u00f6rde von der Senatsverwaltung f\u00fcr die \u00d6ffentlichkeit ausgelegt und 4 Wochen lang f\u00fcr Einw\u00e4nde der B\u00fcrger oder Verb\u00e4nde zur Verf\u00fcgung stehen. Die Auslegung dieser Unterlagen wird voraussichtlich im M\u00e4rz 2024 sein.<\/p>\n<p>Das komplette Planfeststellungsverfahren wird ca. 1,5 bis 2 Jahre andauern. Aber bereits mit der Einleitung des Verfahrens steht fest: die Vollendung der TVO ist unumkehrbar. Der Bund, der den gr\u00f6\u00dften Anteil an den Planungs- und Baukosten tr\u00e4gt und das Land Berlin haben die bisherigen Aufwendungen erbracht, um zu diesem Verfahrensschritt zu gelangen. Es war wichtig, dass auch im Bundeshaushalt weiterhin die ma\u00dfgeblichen Mittel f\u00fcr den Bau der TVO auch durch unseren Einsatz gesichert werden konnten.<br \/><br \/>Die Bauzeit wird nach Abschluss des Planfeststellungsverfahrens ca. 6 bis 7 Jahre andauern. Dies h\u00e4ngt aber unter anderem damit zusammen, dass abschnittsweise gebaut und dementsprechend auch phasenweise, europaweite Ausschreibungen vorgenommen werden. Der CDU-gef\u00fchrte Senat in Berlin hat Wort gehalten. Ein Baubeginn noch in dieser Wahlperiode, im Jahr 2026, ist weiterhin fest im Blick.<\/p>\n<p>Beispielbild der Kreuzung B1\/B5 und M\u00e4rkische Allee:<br \/><img loading=\"lazy\" decoding=\"async\" class=\"alignnone size-large wp-image-5641\" src=\"http:\/\/kgw-berlin.de\/test\/wp-content\/uploads\/2023\/11\/tvo_knotenpunkt_b1_b5_copy_kolb_ripke_1000-4-1024x567.jpg\" alt=\"\" width=\"1024\" height=\"567\" srcset=\"https:\/\/kgw-berlin.de\/test\/wp-content\/uploads\/2023\/11\/tvo_knotenpunkt_b1_b5_copy_kolb_ripke_1000-4-1024x567.jpg 1024w, https:\/\/kgw-berlin.de\/test\/wp-content\/uploads\/2023\/11\/tvo_knotenpunkt_b1_b5_copy_kolb_ripke_1000-4-300x166.jpg 300w, https:\/\/kgw-berlin.de\/test\/wp-content\/uploads\/2023\/11\/tvo_knotenpunkt_b1_b5_copy_kolb_ripke_1000-4-768x425.jpg 768w, https:\/\/kgw-berlin.de\/test\/wp-content\/uploads\/2023\/11\/tvo_knotenpunkt_b1_b5_copy_kolb_ripke_1000-4-1536x851.jpg 1536w, https:\/\/kgw-berlin.de\/test\/wp-content\/uploads\/2023\/11\/tvo_knotenpunkt_b1_b5_copy_kolb_ripke_1000-4-200x111.jpg 200w, https:\/\/kgw-berlin.de\/test\/wp-content\/uploads\/2023\/11\/tvo_knotenpunkt_b1_b5_copy_kolb_ripke_1000-4-150x83.jpg 150w, https:\/\/kgw-berlin.de\/test\/wp-content\/uploads\/2023\/11\/tvo_knotenpunkt_b1_b5_copy_kolb_ripke_1000-4-547x303.jpg 547w, https:\/\/kgw-berlin.de\/test\/wp-content\/uploads\/2023\/11\/tvo_knotenpunkt_b1_b5_copy_kolb_ripke_1000-4-678x376.jpg 678w, https:\/\/kgw-berlin.de\/test\/wp-content\/uploads\/2023\/11\/tvo_knotenpunkt_b1_b5_copy_kolb_ripke_1000-4-524x290.jpg 524w, https:\/\/kgw-berlin.de\/test\/wp-content\/uploads\/2023\/11\/tvo_knotenpunkt_b1_b5_copy_kolb_ripke_1000-4-420x233.jpg 420w, https:\/\/kgw-berlin.de\/test\/wp-content\/uploads\/2023\/11\/tvo_knotenpunkt_b1_b5_copy_kolb_ripke_1000-4-444x246.jpg 444w, https:\/\/kgw-berlin.de\/test\/wp-content\/uploads\/2023\/11\/tvo_knotenpunkt_b1_b5_copy_kolb_ripke_1000-4-916x507.jpg 916w, https:\/\/kgw-berlin.de\/test\/wp-content\/uploads\/2023\/11\/tvo_knotenpunkt_b1_b5_copy_kolb_ripke_1000-4.jpg 2000w\" sizes=\"auto, (max-width: 1024px) 100vw, 1024px\" \/><br \/><sup><em>Bild: Kolb und Ripke Gesellschaft von Architekten mbH<\/em><\/sup><\/p>\n<p>\u00a0<\/p>","protected":false},"excerpt":{"rendered":"<p>Mahlsdorf ist in den letzten Jahren stark gewachsen: Neuansiedlungen verschiedener Einkaufs- und Versorgungseinrichtungen, Wohnungen oder auch der Bau der ISS Mahlsdorf.<\/p>\n","protected":false},"author":3,"featured_media":5070,"parent":336,"menu_order":2,"comment_status":"closed","ping_status":"closed","template":"page-templates\/full-width-page.php","meta":{"footnotes":""},"class_list":["post-342","page","type-page","status-publish","has-post-thumbnail","hentry"],"_links":{"self":[{"href":"https:\/\/kgw-berlin.de\/test\/wp-json\/wp\/v2\/pages\/342","targetHints":{"allow":["GET"]}}],"collection":[{"href":"https:\/\/kgw-berlin.de\/test\/wp-json\/wp\/v2\/pages"}],"about":[{"href":"https:\/\/kgw-berlin.de\/test\/wp-json\/wp\/v2\/types\/page"}],"author":[{"embeddable":true,"href":"https:\/\/kgw-berlin.de\/test\/wp-json\/wp\/v2\/users\/3"}],"replies":[{"embeddable":true,"href":"https:\/\/kgw-berlin.de\/test\/wp-json\/wp\/v2\/comments?post=342"}],"version-history":[{"count":20,"href":"https:\/\/kgw-berlin.de\/test\/wp-json\/wp\/v2\/pages\/342\/revisions"}],"predecessor-version":[{"id":5642,"href":"https:\/\/kgw-berlin.de\/test\/wp-json\/wp\/v2\/pages\/342\/revisions\/5642"}],"up":[{"embeddable":true,"href":"https:\/\/kgw-berlin.de\/test\/wp-json\/wp\/v2\/pages\/336"}],"wp:featuredmedia":[{"embeddable":true,"href":"https:\/\/kgw-berlin.de\/test\/wp-json\/wp\/v2\/media\/5070"}],"wp:attachment":[{"href":"https:\/\/kgw-berlin.de\/test\/wp-json\/wp\/v2\/media?parent=342"}],"curies":[{"name":"wp","href":"https:\/\/api.w.org\/{rel}","templated":true}]}}